) + 5 + (2 - -17)?
18
What is the value of 8 - (-11 + 11 + 1) - (-6 - -20)?
-7
What is -1 + (0 - -5) + (63 - 72)?
-5
What is the value of (2 - 10) + (-5 - -13) + 3?
3
Calculate (6 + (-2 - 1) - 9) + 2 + 16.
12
(7 - 2) + (33 - (6 - -40))
-8
What is -1 + -1 - (15 - 14) - (7 + -17)?
7
6 - (-2 + 8 + (-13 - (-9 + 3)))
7
Calculate -13 - (-17 - -10) - (-1 + -21).
16
What is the value of 3 + 11 + (-15 - (6 - 36))?
29
-155 - -153 - (-2 - (0 - 1) - -5)
-6
(0 - 5) + (-31 - -25)
-11
What is (20 - -16) + (-8 - -2 - 2)?
28
What is the value of 12 - (3 - 4) - (633 - 622)?
2
8 + (0 - 2) + (-1 - 1) + -1
3
What is 129 + -111 + (2 - 31)?
-11
7 - 0 - (36 - (-39 - -63)) - 27
-32
What is the value of -60 - -106 - 78 - (-11 + 0)?
-21
Calculate 16 + -31 - -8 - 7.
-14
694 + -687 - (1 + -3 + 1)
8
What is (-1 - 4) + 195 + -204?
-14
Evaluate 3 + (6 - (1 + 1)) + -8.
-1
Evaluate (-2 - 1) + -5 + (-10 - -4) + 5.
-9
What is the value of (1 - 7) + 29 + -39 + 1?
-15
(32 - (0 - 3)) + (95 - 106)
24
Calculate (-79 - (87 + -152)) + (-1 - -2) + 0.
-13
15 + -18 + -1 + 13 + -13
-4
-1 + -2 + -2 + (31 - 18 - 6)
2
Calculate (-3 - (-4 + -5)) + -3 + -5.
-2
What is 3 + 31 + 22 + -26?
30
What is the value of -11 - (-3 + 21 + -20)?
-9
What is the value of (-10 - -5) + 40 + (-19 - -11)?
27
Calculate -9 - (-8 - (-1 - 10)).
-12
What is (-17 - (3 + -6) - -6) + 2?
-6
What is the value of -3 + 2 + -9 + 2 + 14?
6
-31 - (-29 - (-7 + -18))
-27
Evaluate -16 - (12 - ((-5 - -36) + -5)).
-2
-4 - (2 + 2 + (-2 - 6 - 0))
0
What is the value of -11 + 36 - (15 + 7)?
3
Calculate 46 - 30 - (2 - -7).
7
What is 4 + 1 + (13 + 3 - 1)?
20
6 - (5 - 21) - (-134 + 151)
5
Evaluate 8 + (-28 - (24 - 35)).
-9
Evaluate -16 - (2 + -35) - 3.
14
Evaluate 5 + -7 + (-6 - -19) - 31.
-20
Calculate (-4 + 7 - (14 + (-6 - -1))) + 17.
11
Evaluate (1 - -1) + (19 + -13 - (4 + -7)).
11
Evaluate -5 - (6 + (7 - 7 - 23)) - 1.
11
What is the value of 1 - 18 - (-35 + (-38 - -51))?
5
Evaluate 31 + -44 - -25 - (-1 - -5).
8
Calculate (8 - 2) + (4 - 1 - (45 + -28)).
-8
Evaluate 2 - -24 - (0 - -25 - 30).
31
What is the value of 11 - ((4 - 21) + 14)?
14
What is the value of 43 + -35 + 4 - (-7 - 0) - -8?
27
What is (-1 - -9) + -6 + 8 + (1 - 2)?
9
Calculate -11 + 15 - 13 - -14 - (2 + -3).
6
What is the value of 26 + 1 + (-8 - -13) + -17 + 9?
24
What is the value of 23 + (-6 + -4 - 10)?
3
What is the value of -94 - -94 - (29 - (1 - -2))?
-26
(9 - 13 - -7) + -12
-9
What is the value of 0 - -19 - ((-8 - -7) + 11 - 8)?
17
Evaluate (-5 - -13 - 3 - -1) + 0 + 0.
6
What is 7 + (20 - (-13 + 30)) + (-20 - -1)?
-9
12 - (60 + -48 - (2 + 9))
11
Evaluate (27 - (-10 - 1 - (-13 - -10))) + -3.
32
What is the value of 6 - (10 + -2 + 7 - (2 - 3))?
-10
Evaluate 0 + -12 - (3 + (-1 - 9) - -12).
-17
What is (1 - (-9 - -1)) + (-182 - -175) + -2?
0
What is the value of -1 - -4 - ((0 - 0) + 14)?
-11
What is (11 - (21 + -19)) + 13?
22
What is -15 - -19 - (1 - -1 - 0)?
2
-3 - 2 - (-39 + 32 + -1 + 0)
3
0 - (-5 + 1 + -4) - -9
17
What is the value of (1 - 0) + (-65 - -69) - (7 + -1)?
-1
What is the value of (-4 + -14 - -29) + -9 - 10?
-8
Evaluate -5 - 32 - (48 + -87).
2
Evaluate -57 + 54 + (-4 - -2).
-5
What is the value of 3 + (7 - 5) + (-6 - -6) + -13?
-8
What is the value of 22 + (-2 - 6) + 2 - 7?
9
What is (-4 - -4) + -8 - (1 + -3 - 1)?
-5
What is the value of -3 - (12 + -15) - ((3 - 4) + 16)?
-15
Evaluate 54 + (-24 - 7) + -17.
6
10 + -24 + 25 - (-1 + -3)
15
(-18 - -1) + -20 + 36
-1
Calculate 266 - 272 - (13 + 1).
-20
Calculate (13 - 8) + 6 + -9 + (3 - 9).
-4
What is 6 + -12 + 2 + -6 + -7 + 11?
-6
30 + (8 - (45 + -27))
20
Calculate 31 - (20 - (22 + -30)).
3
What is the value of 5 + -7 - (8 - 9)?
-1
-3 + 2 - -5 - -5 - (-1 - 0)
10
Evaluate 18 + 14 + 9 + -14 + (-18 - 0).
9
Calculate -24 + -3 + (-13 - -5) + 5.
-30
What is the value of 19 - (7 + (-11 - -2) + 2)?
19
Evaluate 36 - 30 - (0 - (-33 - 5) - 6).
-26
Calculate ((-8 - -16) + (-1 - 3) - 9) + 19.
14
What is the value of 26 + 7 - 23 - -19?
29
Evaluate 5 + (5 - 19) + 9.
0
Evaluate -32 + 33 + 0 + -1 + (15 - 1).
14
What is 16 + -2 + 10 + -40?
-16
Evaluate -3 + -10 + 23 + (2 - 6).
6
14 + 1 - (-8 - (6 - 19))
10
What is 6 - -1 - (5 + -10 + (3 - -1))?
8
Evaluate 8 - (30 - -14 - 17).
-19
What is (-546 - -542) + (-1 - (2 - -10))?
-17
-10 + (-2 - -7) + (1 + 32 - 3)
25
Calculate -13 - -14 - -20 - 12.
9
What is the value of 32 + -44 + 14 + 9?
11
Evaluate (-42 - -20) + (-3 - -3).
-22
What is (13 - 10 - 6) + (-12 - -3)?
-12
Evaluate -22 - (-19 - -31 - -4 - 1).
-37
What is -12 + (9 + 1 - -12)?
10
Evaluate (-8 - -10) + -8 + -4 + -11.
-21
What is the value of 12 + -4 + (5 - 6)?
7
1 + -2 + (-12 + -9 - -13)
-9
Evaluate (3 - 16 - -7) + -7.
-13
Calculate -32 + 3 + 8 + -10 + 10 + -8.
-29
-5 + (7 - (-3 + (5 - 0) - -3))
-3
What is the value of 20 - (-18 + -15 + 47)?
6
-17 + 3 + 32 + -20
-2
What is 8 + (-8 - -11 - 2 - -1)?
10
Calculate -20 - (-43 + -30 + 56).
-3
1 + 3 + (-11 - (21 + -22))
-6
Evaluate 3 - (-19 - (-20 + -1)).
1
What is -2 + (-11 - 0) - -19?
6
Evaluate 22 - ((-5 - (-2 - -6 - 5)) + -7).
33
What is the value of (-12 - -25) + -31 - 3?
-21
Calculate -11 + (-4 - 23) + 41.
3
24 - -3 - (-293 + 319)
1
Calculate 0 - -10 - (-126 - -118).
18
(-19 - (-4 - (-2 + 18))) + (0 - -12)
13
Calculate 26 + -5 + (11 - -1) + -14.
19
What is the value of 10 + 5 + -5 + -2?
8
(22 - (0 + (-7 - -12))) + -1
16
Evaluate 17 + (3 - (21 - -12)).
-13
Calculate -4 + 6 + -16 + -2 + -1 + -1.
-18
What is -5 - (1 - 10 - -7)?
-3
What is -104 + 98 + 4 - (-1 + -7 + 2)?
4
Calculate 6 - (8 - (10 - (10 + -3))).
1
1 - 12 - (0 + 11 - -4 - -7)
-33
What is the value of (-25 + (-7 - 4) - -10) + 3 + 5?
-18
Evaluate 2 - (0 - 5 - -17).
-10
-20 + 11 + (-1 - 5) + -1
-16
2 + -5 + 10 + 3 + 3 - 1
12
Calculate -23 + (15 - (3 + -8)).
-3
(11 - (8 + (-2 - (0 + 1)))) + -24
-18
5 + -1 + 1 + 4 + -7
2
What is 39 + 21 + (-20 - 22)?
18
Evaluate 2 + (-6 - 1 - 8).
-13
Calculate 2 - (2 + 24 - (-26 + 26)).
-24
What is the value of 6 + -4 + (-2 - -2) + 2?
4
What is -1 + 0 + -7 - (211 + -228)?
9
What is the value of 30 + (15 - 57) + (9 - -2)?
-1
Calculate 7 + -31 + -1 + 39.
14
0 + -2 + -9 - (-82 - -76)
-5
-3 - ((-7 - -2) + -16 + 5 + 7)
6
What is (-7 - (-30 + -1 + 7 + 9)) + -8?
0
4 + -33 - (-212 - -204)
-21
What is the value of (-6 - 3) + (3 - -1) + -6 + -3?
-14
What is (2 - -2) + (-22 - -30) + -8 + -27?
-23
What is the value of 1 + (-7 - (-11 - -9)) - (0 + 1)?
-5
What is (6 + -22 - (-4 - 32)) + 10 + -4?
26
35 - 1 - (-363 - -378)
19
-24 + 1 - (-13 + 18 + -10)
-18
Evaluate 0 + -14 + -40 + 52 + 10 + -19.
-11
What is the value of (8 - 3) + (1 - 3) + 6?
9
-51 - (41 + -71) - 9
-30
Calculate 91 - 100 - (-40 - -9).
22
What is the value of 5 + (3 - 4) + (2 - (-3 - -11))?
-2
-27 + -273 + 280 + 3 + 0 + 1
-16
28 + (-6 + 4 + (0 - -5) - 11)
20
What is the value of -9 - (-3 + (-1 - -2) - (70 - 72))?
-9
(3 - 41) + 54 - 11
5
Calculate 0 - (28 - (30 + -11)).
-9
What is the value of (20 + -50 - -14) + (2 - -1)?
-13
Evaluate -5 - (12 - ((-9 - -15) + 32)).
21
What is the value of (9 - -25) + -7 - (27 - 25)?
25
What is (-81 - (57 + -122)) + (29 - 2)?
11
What is the value of (7 - 14 - -1) + -1 - (6 + -1)?
-12
What is the value of (-1 - -1 - -4) + 2 + -16?
-10
0 + 8 - 13 - (4 + -4)
-5
What is the value of -16 + -6 + (55 - (11 + -4))?
26
What is the value of 27 + -6 - (1 - -3)?
17
What is 35 + (-51 - -17 - -16)?
17
-5 + 1 + (0 - (4 - 21))
13
What is 13 + -10 + (7 - 19) + 26?
17
Calculate 5 + (14 - 20) - (-6 - (0 + -2)).
3
What is the value of 4 + -2 + (7 - 13) + 5 - 18?
-17
-4 + (4 - 6) - ((3 - 7) + 7)
-9
What is -13 - (-41 + 19 + -2)?
11
What is the value of 48 + -4 + -15 + -18?
11
-1 + -8 - (13 + -25 + (14 - 4))
-7
-30 - (24 + (20 - 66))
-8
Calculate 9 - (-5 + (20 - 13)).
7
(0 + 1 - 2) + (-26 - -31)
4
Calculate -23 + 6 + 28 - (-1 - -16).
-4
Calculate -58 - (-83 - -20) - (6 + (2 - 1)).
-2
What is the value of (-52 - -84) + -8 - (7 - 1)?
18
What is the value of (-18 - (-27 + 14)) + 17?
12
What is the value of -7 - (-39 + 41 + 27)?
-36
-2 + -23 + 32 - (36 + -1)
-28
(17 + -14 - 2) + -14
-13
Evaluate -1 + -5 + -59 + 63.
-2
Calculate (-9 - -1) + (-13 - (-13 + -12)).
4
Evaluate (6 - ((-6 - -16) + -9)) + (-6 - 2).
-3
36 + (-50 - (-24 + -5))
15
What is 3 + 1 - (-34 + 0 + (-2 - -8))?
32
(3 - (-2 + 2)) + 5 + -16 + 4
-4
What is the value of (-